{"id":120,"date":"2018-11-28T14:48:38","date_gmt":"2018-11-28T13:48:38","guid":{"rendered":"http:\/\/chacunsapartdecroute.org\/?page_id=120"},"modified":"2018-12-10T14:23:58","modified_gmt":"2018-12-10T13:23:58","slug":"majida-ghomari","status":"publish","type":"page","link":"https:\/\/chacunsapartdecroute.org\/index.php\/majida-ghomari\/","title":{"rendered":"Majida Ghomari"},"content":{"rendered":"\n<figure class=\"wp-block-image\"><img decoding=\"async\" loading=\"lazy\" width=\"960\" height=\"960\" src=\"http:\/\/chacunsapartdecroute.org\/wp-content\/uploads\/2018\/11\/Majida-Ghomari-3.jpg\" alt=\"\" class=\"wp-image-121\" srcset=\"https:\/\/chacunsapartdecroute.org\/wp-content\/uploads\/2018\/11\/Majida-Ghomari-3.jpg 960w, https:\/\/chacunsapartdecroute.org\/wp-content\/uploads\/2018\/11\/Majida-Ghomari-3-150x150.jpg 150w, https:\/\/chacunsapartdecroute.org\/wp-content\/uploads\/2018\/11\/Majida-Ghomari-3-300x300.jpg 300w, https:\/\/chacunsapartdecroute.org\/wp-content\/uploads\/2018\/11\/Majida-Ghomari-3-768x768.jpg 768w, https:\/\/chacunsapartdecroute.org\/wp-content\/uploads\/2018\/11\/Majida-Ghomari-3-100x100.jpg 100w\" sizes=\"(max-width: 767px) 89vw, (max-width: 1000px) 54vw, (max-width: 1071px) 543px, 580px\" \/><\/figure>\n\n\n\n<p><br><\/p>\n\n\n\n<p>Majida Ghomari, com\u00e9dienne, n\u00e9e d&rsquo;une m\u00e8re normande et d&rsquo;un p\u00e8re marocain.<\/p>\n\n\n\n<p> Au d\u00e9but des ann\u00e9es 80, elle est mannequin et danseuse. Elle est dirig\u00e9e par Maurice B\u00e9jart au festival d&rsquo;Aix en Provence, travaille avec Carolyn Carlson et rejoint le groupe chor\u00e9graphique de la Sorbonne et danse dans les \u00ab\u00a0Champs Elys\u00e9es\u00a0\u00bb de M. Drucker. <\/p>\n\n\n\n<p> En 1986, elle cr\u00e9e la premi\u00e8re agence de mode \u00e0 Alger en formant des mannequins et met en sc\u00e8ne \u00ables salons de la cr\u00e9ation\u00bb pr\u00e9sid\u00e9s par Pierre Cardin. <\/p>\n\n\n\n<p>En 1993, elle devient animatrice \u00e0 TV5 Monde dans l&rsquo;\u00e9mission \u00abCorrespondances\u00bb, puis g\u00e8re le studio audiovisuel de l&rsquo;UNESCO. En 2001, elle est engag\u00e9e dans la <em>Cie public ch\u00e9ri <\/em>du Th\u00e9\u00e2tre l&rsquo;Echangeur. Elle anime des ateliers th\u00e9\u00e2tre en milieu psychiatrique, scolaire et carc\u00e9ral avec Fabrice Cl\u00e9ment et ils mettent en sc\u00e8ne ensemble une cinquantaine de spectacles.<\/p>\n\n\n\n<p>Depuis 2015, Elle appara\u00eet au cin\u00e9ma dans les derniers films de Marc Fitoussi , <em>La ritournelle, Maman a tort<\/em>.<\/p>\n\n\n\n<p>A la t\u00e9l\u00e9vision,  dans <em>Candice Renoir<\/em> et joue dans une quinzaine de courts m\u00e9trages (<em>L&rsquo;heureuse \u00e9lue<\/em> avec Cam\u00e9lia Jordana, <em>Inspecteur W<\/em>, \u00ab<em>Espace, Espaces\u00bb &#8230;)<\/em><\/p>\n","protected":false},"excerpt":{"rendered":"<p>Majida Ghomari, com\u00e9dienne, n\u00e9e d&rsquo;une m\u00e8re normande et d&rsquo;un p\u00e8re marocain. Au d\u00e9but des ann\u00e9es 80, elle est mannequin et danseuse. Elle est dirig\u00e9e par Maurice B\u00e9jart au festival d&rsquo;Aix en Provence, travaille avec Carolyn Carlson et rejoint le groupe chor\u00e9graphique de la Sorbonne et danse dans les \u00ab\u00a0Champs Elys\u00e9es\u00a0\u00bb de M. Drucker. En 1986, &hellip; <\/p>\n<p class=\"link-more\"><a href=\"https:\/\/chacunsapartdecroute.org\/index.php\/majida-ghomari\/\" class=\"more-link\">Continuer la lecture<span class=\"screen-reader-text\"> de &laquo;&nbsp;Majida Ghomari&nbsp;&raquo;<\/span><\/a><\/p>\n","protected":false},"author":1,"featured_media":0,"parent":0,"menu_order":0,"comment_status":"closed","ping_status":"closed","template":"","meta":[],"_links":{"self":[{"href":"https:\/\/chacunsapartdecroute.org\/index.php\/wp-json\/wp\/v2\/pages\/120"}],"collection":[{"href":"https:\/\/chacunsapartdecroute.org\/index.php\/wp-json\/wp\/v2\/pages"}],"about":[{"href":"https:\/\/chacunsapartdecroute.org\/index.php\/wp-json\/wp\/v2\/types\/page"}],"author":[{"embeddable":true,"href":"https:\/\/chacunsapartdecroute.org\/index.php\/wp-json\/wp\/v2\/users\/1"}],"replies":[{"embeddable":true,"href":"https:\/\/chacunsapartdecroute.org\/index.php\/wp-json\/wp\/v2\/comments?post=120"}],"version-history":[{"count":4,"href":"https:\/\/chacunsapartdecroute.org\/index.php\/wp-json\/wp\/v2\/pages\/120\/revisions"}],"predecessor-version":[{"id":336,"href":"https:\/\/chacunsapartdecroute.org\/index.php\/wp-json\/wp\/v2\/pages\/120\/revisions\/336"}],"wp:attachment":[{"href":"https:\/\/chacunsapartdecroute.org\/index.php\/wp-json\/wp\/v2\/media?parent=120"}],"curies":[{"name":"wp","href":"https:\/\/api.w.org\/{rel}","templated":true}]}}