{"id":91,"date":"2018-11-28T12:43:28","date_gmt":"2018-11-28T11:43:28","guid":{"rendered":"http:\/\/chacunsapartdecroute.org\/?page_id=91"},"modified":"2019-01-28T11:01:49","modified_gmt":"2019-01-28T10:01:49","slug":"le-cahier-julien-berret","status":"publish","type":"page","link":"https:\/\/chacunsapartdecroute.org\/index.php\/le-cahier-julien-berret\/","title":{"rendered":"Le cahier, Julien Berret"},"content":{"rendered":"\n<div class=\"wp-block-image\"><figure class=\"aligncenter\"><img decoding=\"async\" loading=\"lazy\" width=\"396\" height=\"625\" src=\"http:\/\/chacunsapartdecroute.org\/wp-content\/uploads\/2018\/11\/page1.jpg\" alt=\"\" class=\"wp-image-140\" srcset=\"https:\/\/chacunsapartdecroute.org\/wp-content\/uploads\/2018\/11\/page1.jpg 396w, https:\/\/chacunsapartdecroute.org\/wp-content\/uploads\/2018\/11\/page1-190x300.jpg 190w\" sizes=\"(max-width: 396px) 100vw, 396px\" \/><\/figure><\/div>\n\n\n\n<p>Julien Berret d\u00e9crit son cheminement d&rsquo;\u00eatre humain inapte face une soci\u00e9t\u00e9 qui dicte la limite entre le normal et l&rsquo;anormal. Ce questionnement nous touche parce qu&rsquo; il dessine avec malice celui de la condition humaine.<\/p>\n\n\n\n<p>L&rsquo;\u00e9criture de Julien Berret est le reflet d&rsquo;images qu&rsquo;il ramasse dans sa vie.<\/p>\n\n\n\n<p>Nous voyageons dans la langue par des chemins de traverses, gr\u00e2ce aux mots qui jouent les uns avec les autres.<\/p>\n\n\n\n<div class=\"wp-block-image\"><figure class=\"alignright is-resized\"><img decoding=\"async\" loading=\"lazy\" src=\"http:\/\/chacunsapartdecroute.org\/wp-content\/uploads\/2018\/12\/photo-julien-746x1024.jpg\" alt=\"\" class=\"wp-image-312\" width=\"187\" height=\"256\" srcset=\"https:\/\/chacunsapartdecroute.org\/wp-content\/uploads\/2018\/12\/photo-julien-746x1024.jpg 746w, https:\/\/chacunsapartdecroute.org\/wp-content\/uploads\/2018\/12\/photo-julien-219x300.jpg 219w, https:\/\/chacunsapartdecroute.org\/wp-content\/uploads\/2018\/12\/photo-julien-768x1054.jpg 768w, https:\/\/chacunsapartdecroute.org\/wp-content\/uploads\/2018\/12\/photo-julien.jpg 1056w\" sizes=\"(max-width: 187px) 100vw, 187px\" \/><\/figure><\/div>\n\n\n\n<p class=\"has-small-font-size\">J\u2019\u00e9cris comme sur un pense b\u00eate pour fixer mes impressions sur mon insertion dans ce monde.&nbsp;<br>Si la norme c\u2019est d\u2019\u00eatre mal, alors je suis norm-mal<br>et, je veux le dire haut et fort.<br>Pour mettre \u00e0 bas toute cette hypocrisie.<br>\u00c7a va ? Justement \u00e7a va bien tout cela. Vous voyez !<br>Vous ne croyez pas qu\u2019il y a des choses \u00e0 changer :<br>Le malade doit-il \u00eatre acceptable pour la soci\u00e9t\u00e9 ou la soci\u00e9t\u00e9 doit-elle se mettre \u00e0 la port\u00e9e du malade?<br>Le patient doit-il servir de faire valoir au m\u00e9decin ou le m\u00e9decin doit-il \u00eatre au service du soign\u00e9 ?<br>Ces questions que je me pose j\u2019y r\u00e9ponds par ma po\u00e9sie.<br>\u00c7a me pla\u00eet comme cela.<br>J\u2019\u00e9crivais quelques po\u00e9sies \u00e9tant enfant et puis mon imbroglio de vie m\u2019a brouill\u00e9 durablement avec la r\u00e9alit\u00e9.<br>C\u2019est par la lecture que j\u2019ai appris \u00e0 \u00e9crire.<br>J\u2019ai toujours aim\u00e9,<br>joui m\u00eame,<br>leurs chansons.<br>de jouer avec les mots,<br>Face aux voleurs de vie en tout genre, je vole des mots en repr\u00e9sailles pour en faire des guirlandes.<br>Un lit, une table \u00e7a me suffit comme disait mon grand-p\u00e8re.<br>Ce que laissent les huissiers.<\/p>\n\n\n\n<p style=\"text-align:left\" class=\"has-small-font-size\">\n\nJulien Berret<br>Ancien intern\u00e9 des hopitaux de Paris.\n\n<\/p>\n\n\n\n<p><\/p>\n\n\n<p>\n<\/p><p><!--StartFragment--><\/p>\n\n\n<p><\/p>\n\n\n\n<p><\/p>\n\n\n\n<p><\/p>\n\n\n\n<p><\/p>\n\n\n\n<p><\/p>\n\n\n\n<p><\/p>\n\n\n\n<p><\/p>\n\n\n\n<p><br><\/p>\n\n\n\n<p class=\"has-small-font-size\"><\/p>\n\n\n\n<p class=\"has-small-font-size\"><\/p>\n\n\n\n<p><br><br><\/p>\n\n\n\n<p><br><br><\/p>\n","protected":false},"excerpt":{"rendered":"<p>Julien Berret d\u00e9crit son cheminement d&rsquo;\u00eatre humain inapte face une soci\u00e9t\u00e9 qui dicte la limite entre le normal et l&rsquo;anormal. Ce questionnement nous touche parce qu&rsquo; il dessine avec malice celui de la condition humaine. L&rsquo;\u00e9criture de Julien Berret est le reflet d&rsquo;images qu&rsquo;il ramasse dans sa vie. Nous voyageons dans la langue par des &hellip; <\/p>\n<p class=\"link-more\"><a href=\"https:\/\/chacunsapartdecroute.org\/index.php\/le-cahier-julien-berret\/\" class=\"more-link\">Continuer la lecture<span class=\"screen-reader-text\"> de &laquo;&nbsp;Le cahier, Julien Berret&nbsp;&raquo;<\/span><\/a><\/p>\n","protected":false},"author":1,"featured_media":0,"parent":0,"menu_order":0,"comment_status":"closed","ping_status":"closed","template":"","meta":[],"_links":{"self":[{"href":"https:\/\/chacunsapartdecroute.org\/index.php\/wp-json\/wp\/v2\/pages\/91"}],"collection":[{"href":"https:\/\/chacunsapartdecroute.org\/index.php\/wp-json\/wp\/v2\/pages"}],"about":[{"href":"https:\/\/chacunsapartdecroute.org\/index.php\/wp-json\/wp\/v2\/types\/page"}],"author":[{"embeddable":true,"href":"https:\/\/chacunsapartdecroute.org\/index.php\/wp-json\/wp\/v2\/users\/1"}],"replies":[{"embeddable":true,"href":"https:\/\/chacunsapartdecroute.org\/index.php\/wp-json\/wp\/v2\/comments?post=91"}],"version-history":[{"count":9,"href":"https:\/\/chacunsapartdecroute.org\/index.php\/wp-json\/wp\/v2\/pages\/91\/revisions"}],"predecessor-version":[{"id":344,"href":"https:\/\/chacunsapartdecroute.org\/index.php\/wp-json\/wp\/v2\/pages\/91\/revisions\/344"}],"wp:attachment":[{"href":"https:\/\/chacunsapartdecroute.org\/index.php\/wp-json\/wp\/v2\/media?parent=91"}],"curies":[{"name":"wp","href":"https:\/\/api.w.org\/{rel}","templated":true}]}}